{"id":703,"date":"2023-12-13T21:50:23","date_gmt":"2023-12-14T03:50:23","guid":{"rendered":"https:\/\/bestvaluekeys.com\/?post_type=product&#038;p=703"},"modified":"2025-07-29T08:26:00","modified_gmt":"2025-07-29T14:26:00","slug":"microsoft-office-home-business-2016-para-mac","status":"publish","type":"product","link":"https:\/\/bestvaluekeys.com\/index.php\/producto\/microsoft-office-home-business-2016-para-mac\/","title":{"rendered":"Microsoft Office Home &#038; Business 2016 para 1 Mac"},"content":{"rendered":"","protected":false},"excerpt":{"rendered":"<p><strong><span class=\"VIpgJd-yAWNEb-VIpgJd-fmcmS-sn54Q\">Producto:<\/span><\/strong><span class=\"VIpgJd-yAWNEb-VIpgJd-fmcmS-sn54Q\"> Microsoft Office Home &amp; Business 2016<\/span><\/p>\n<p><strong>Plataforma:\u00a0<\/strong>\u00a0MAC<\/p>\n<p><strong>Regi\u00f3n:<\/strong> \u00a0GLOBAL<\/p>\n<p><strong>Informaci\u00f3n adicional:<\/strong> este producto se puede utilizar o activar en todo el mundo. Importante: Este producto es v\u00e1lido solo para MAC, <span style=\"color: #ff0000;\"><strong>Windows no es compatible<\/strong><\/span>!<\/p>\n<p><strong>Microsoft Office Home &amp; Business 2016 te ayuda a hacer tu mejor trabajo<\/strong>\u00a0, en cualquier lugar, en cualquier momento y con cualquier persona.<\/p>\n<p>Las versiones nuevas y modernas de las aplicaciones de escritorio cl\u00e1sicas, Word, Excel, PowerPoint, Outlook y OneNote, est\u00e1n dise\u00f1adas para ofrecer la m\u00e1xima productividad.<\/p>\n<p>Te ayuda a producir r\u00e1pidamente documentos profesionales con funciones de creaci\u00f3n enriquecidas, controles de dise\u00f1o para dise\u00f1os con p\u00edxeles perfectos y herramientas intuitivas que le ayudar\u00e1n a aprovechar al m\u00e1ximo sus datos.<\/p>\n<p>Tendr\u00e1s acceso a tus documentos en la nube cuando los necesites. Con sus documentos almacenados en l\u00ednea, es f\u00e1cil que su equipo est\u00e9 en sinton\u00eda. Comparta, presente y trabaje juntos en proyectos con herramientas de colaboraci\u00f3n en equipo integradas en toda la suite.<\/p>\n","protected":false},"featured_media":797,"comment_status":"open","ping_status":"closed","template":"","meta":[],"product_brand":[],"product_cat":[26],"product_tag":[27],"class_list":{"0":"post-703","1":"product","2":"type-product","3":"status-publish","4":"has-post-thumbnail","6":"product_cat-microsoft-office","7":"product_tag-entrega-inmediata","9":"first","10":"outofstock","11":"sale","12":"virtual","13":"purchasable","14":"product-type-simple"},"jetpack_sharing_enabled":true,"_links":{"self":[{"href":"https:\/\/bestvaluekeys.com\/index.php\/wp-json\/wp\/v2\/product\/703","targetHints":{"allow":["GET"]}}],"collection":[{"href":"https:\/\/bestvaluekeys.com\/index.php\/wp-json\/wp\/v2\/product"}],"about":[{"href":"https:\/\/bestvaluekeys.com\/index.php\/wp-json\/wp\/v2\/types\/product"}],"replies":[{"embeddable":true,"href":"https:\/\/bestvaluekeys.com\/index.php\/wp-json\/wp\/v2\/comments?post=703"}],"wp:featuredmedia":[{"embeddable":true,"href":"https:\/\/bestvaluekeys.com\/index.php\/wp-json\/wp\/v2\/media\/797"}],"wp:attachment":[{"href":"https:\/\/bestvaluekeys.com\/index.php\/wp-json\/wp\/v2\/media?parent=703"}],"wp:term":[{"taxonomy":"product_brand","embeddable":true,"href":"https:\/\/bestvaluekeys.com\/index.php\/wp-json\/wp\/v2\/product_brand?post=703"},{"taxonomy":"product_cat","embeddable":true,"href":"https:\/\/bestvaluekeys.com\/index.php\/wp-json\/wp\/v2\/product_cat?post=703"},{"taxonomy":"product_tag","embeddable":true,"href":"https:\/\/bestvaluekeys.com\/index.php\/wp-json\/wp\/v2\/product_tag?post=703"}],"curies":[{"name":"wp","href":"https:\/\/api.w.org\/{rel}","templated":true}]}}