{"id":715,"date":"2023-12-13T22:46:16","date_gmt":"2023-12-14T04:46:16","guid":{"rendered":"https:\/\/bestvaluekeys.com\/?post_type=product&#038;p=715"},"modified":"2025-07-21T14:11:15","modified_gmt":"2025-07-21T20:11:15","slug":"microsoft-project-2021","status":"publish","type":"product","link":"https:\/\/bestvaluekeys.com\/index.php\/producto\/microsoft-project-2021\/","title":{"rendered":"Microsoft Project 2021 1 PC"},"content":{"rendered":"<p><strong>Microsoft Project 2021<\/strong>\u00a0es el software de escritorio independiente dise\u00f1ado para la gesti\u00f3n de proyectos de empresas de todos los tama\u00f1os.<\/p>\n<p>Con una interfaz moderna y sus capacidades de programaci\u00f3n visual, la herramienta permite crear planes detallados, asignar recursos, hacer un seguimiento del progreso del proyecto y gestionar presupuestos de manera eficiente.<\/p>\n","protected":false},"excerpt":{"rendered":"<p><strong>Microsoft Project 2021<\/strong>\u00a0es el software para la administraci\u00f3n de proyectos m\u00e1s utilizado en todo el mundo. Permite dise\u00f1ar planes, ajustar los recursos necesarios, seguir las finanzas y asignar tareas.<\/p>\n<p>Microsoft Project es una herramienta de gesti\u00f3n de proyectos que se parece mucho a las otras aplicaciones de Office. Esto quiere decir que estar\u00e1s familiarizado con su interfaz, pues posee la ya conocida cinta de opciones, los men\u00fas, etc.<\/p>\n<p><strong>En Microsoft Project 2021 Professional encontrar\u00e1s algunas nuevas caracter\u00edsticas y un renovado aspecto de su interfaz.<\/strong>\u00a0Destacan sus plantillas personalizables, hojas de ruta visuales para la planificaci\u00f3n de proyectos y sus funciones de gesti\u00f3n de cartera de proyectos (Microsoft PPM).<\/p>\n","protected":false},"featured_media":795,"comment_status":"open","ping_status":"closed","template":"","meta":[],"product_brand":[],"product_cat":[26],"product_tag":[27],"class_list":{"0":"post-715","1":"product","2":"type-product","3":"status-publish","4":"has-post-thumbnail","6":"product_cat-microsoft-office","7":"product_tag-entrega-inmediata","9":"first","10":"instock","11":"virtual","12":"purchasable","13":"product-type-simple"},"jetpack_sharing_enabled":true,"_links":{"self":[{"href":"https:\/\/bestvaluekeys.com\/index.php\/wp-json\/wp\/v2\/product\/715","targetHints":{"allow":["GET"]}}],"collection":[{"href":"https:\/\/bestvaluekeys.com\/index.php\/wp-json\/wp\/v2\/product"}],"about":[{"href":"https:\/\/bestvaluekeys.com\/index.php\/wp-json\/wp\/v2\/types\/product"}],"replies":[{"embeddable":true,"href":"https:\/\/bestvaluekeys.com\/index.php\/wp-json\/wp\/v2\/comments?post=715"}],"wp:featuredmedia":[{"embeddable":true,"href":"https:\/\/bestvaluekeys.com\/index.php\/wp-json\/wp\/v2\/media\/795"}],"wp:attachment":[{"href":"https:\/\/bestvaluekeys.com\/index.php\/wp-json\/wp\/v2\/media?parent=715"}],"wp:term":[{"taxonomy":"product_brand","embeddable":true,"href":"https:\/\/bestvaluekeys.com\/index.php\/wp-json\/wp\/v2\/product_brand?post=715"},{"taxonomy":"product_cat","embeddable":true,"href":"https:\/\/bestvaluekeys.com\/index.php\/wp-json\/wp\/v2\/product_cat?post=715"},{"taxonomy":"product_tag","embeddable":true,"href":"https:\/\/bestvaluekeys.com\/index.php\/wp-json\/wp\/v2\/product_tag?post=715"}],"curies":[{"name":"wp","href":"https:\/\/api.w.org\/{rel}","templated":true}]}}