{"id":717,"date":"2023-12-13T23:07:10","date_gmt":"2023-12-14T05:07:10","guid":{"rendered":"https:\/\/bestvaluekeys.com\/?post_type=product&#038;p=717"},"modified":"2025-11-24T16:25:56","modified_gmt":"2025-11-24T22:25:56","slug":"microsoft-windows-10-professional","status":"publish","type":"product","link":"https:\/\/bestvaluekeys.com\/index.php\/producto\/microsoft-windows-10-professional\/","title":{"rendered":"Microsoft Windows 10 Professional 1 PC"},"content":{"rendered":"<p><strong>Compre una clave de producto de Windows 10 Professional<\/strong>: obtenga una licencia genuina de Windows 10 Pro y rec\u00edbala por correo electr\u00f3nico para activar en su dispositivo de 32 o 64 bits.<\/p>\n<h3>Descripci\u00f3n de Windows:<\/h3>\n<p><span class=\"\">Esta clave de activaci\u00f3n se puede utilizar para activar Windows 10 Professional de 32\/64 bits. Si a\u00fan no tiene Windows 10 instalado, puede descargarlo e instalarlo de forma gratuita desde el sitio web oficial de Microsoft y, despu\u00e9s de la instalaci\u00f3n, puede usar el c\u00f3digo que le enviamos para activarlo y acceder a m\u00e1s funciones premium de su Windows.<\/span><\/p>\n","protected":false},"excerpt":{"rendered":"<p><strong>Plataforma:<\/strong>\u00a0Microsoft Windows<\/p>\n<p><strong>Regi\u00f3n:<\/strong>\u00a0Global<\/p>\n<p>Este producto se puede activar o utilizar en todo el mundo y\u00a0es v\u00e1lido para activar tanto dispositivos de 32\/64 bits.<\/p>\n","protected":false},"featured_media":793,"comment_status":"open","ping_status":"closed","template":"","meta":[],"product_brand":[],"product_cat":[28],"product_tag":[27],"class_list":{"0":"post-717","1":"product","2":"type-product","3":"status-publish","4":"has-post-thumbnail","6":"product_cat-microsoft-windows","7":"product_tag-entrega-inmediata","9":"first","10":"instock","11":"sale","12":"virtual","13":"purchasable","14":"product-type-simple"},"jetpack_sharing_enabled":true,"_links":{"self":[{"href":"https:\/\/bestvaluekeys.com\/index.php\/wp-json\/wp\/v2\/product\/717","targetHints":{"allow":["GET"]}}],"collection":[{"href":"https:\/\/bestvaluekeys.com\/index.php\/wp-json\/wp\/v2\/product"}],"about":[{"href":"https:\/\/bestvaluekeys.com\/index.php\/wp-json\/wp\/v2\/types\/product"}],"replies":[{"embeddable":true,"href":"https:\/\/bestvaluekeys.com\/index.php\/wp-json\/wp\/v2\/comments?post=717"}],"wp:featuredmedia":[{"embeddable":true,"href":"https:\/\/bestvaluekeys.com\/index.php\/wp-json\/wp\/v2\/media\/793"}],"wp:attachment":[{"href":"https:\/\/bestvaluekeys.com\/index.php\/wp-json\/wp\/v2\/media?parent=717"}],"wp:term":[{"taxonomy":"product_brand","embeddable":true,"href":"https:\/\/bestvaluekeys.com\/index.php\/wp-json\/wp\/v2\/product_brand?post=717"},{"taxonomy":"product_cat","embeddable":true,"href":"https:\/\/bestvaluekeys.com\/index.php\/wp-json\/wp\/v2\/product_cat?post=717"},{"taxonomy":"product_tag","embeddable":true,"href":"https:\/\/bestvaluekeys.com\/index.php\/wp-json\/wp\/v2\/product_tag?post=717"}],"curies":[{"name":"wp","href":"https:\/\/api.w.org\/{rel}","templated":true}]}}